of z?
2
Suppose 14 = -k + 2*y, -k - 2*y + 5*y - 15 = 0. Let q = k + 15. Suppose q*h + 126 = z + 2*z, 2*z = -3*h + 104. What is the units digit of z?
6
Let t(a) = -a**3 + a**2 + 2*a - 1. Let d be t(0). Let f be 3 + d - (-4)/1. Suppose 3*h - 197 = 2*w - f*w, w + 113 = 2*h. What is the units digit of h?
9
Suppose -16*o = 4*o + 6940. Let l = 791 + o. What is the hundreds digit of l?
4
Let w(u) = 3*u**2. Suppose -4 = -i, -q - 4*i + 11 = 4*q. Let y be w(q). Suppose 0*t + 18 = y*t. What is the units digit of t?
6
Let q = -8979 - -18293. What is the tens digit of q?
1
Let d = -70043 - -144961. What is the thousands digit of d?
4
Suppose j + 11 = 3*d - 4*j, -2*j = 5*d - 8. Let z be -13 - -7 - (-593 + 5*(-2)/(-5)). Suppose l + d*o - 135 = -0*o, z = 4*l - o. What is the units digit of l?
5
Suppose 0 = -4*i + 3*f + 97591, f + 57880 = 3*i - 15312. What is the hundreds digit of i?
3
Let a = 8784 - -1763. What is the units digit of a?
7
Let d(o) = 3*o - 13. Let z be d(6). Suppose -2*j + 4*j = 5*h + 972, -20 = z*h. What is the tens digit of j?
7
Let y(d) be the second derivative of -d**4/24 + d**3/2 + 13*d**2 - 10*d. Let v(g) be the first derivative of y(g). What is the units digit of v(-24)?
7
Let j = 37 - 36. Let m be (2512/8*1)/(1 + j). Let q = m + -107. What is the tens digit of q?
5
Let n = 81 + -59. What is the hundreds digit of 4 - (12/(-132) - 36848/n)?
6
What is the ten thousands digit of (-167592)/6*(-3)/4?
2
Let r be 1/((1/10)/(2/4)). Suppose -i = -3*u + r, i + 2*u - 7 - 3 = 0. Suppose 6*j + i*t = j + 512, t - 403 = -4*j. What is the units digit of j?
0
Suppose 63*c - 6*c = -5*c + 3725146. What is the ten thousands digit of c?
6
Suppose -5*z = -5*m + 175, -4*m - 31 = -15. Suppose -2*x + 0*x = -50. Let q = x - z. What is the units digit of q?
4
Let l(m) = -10*m + 34 - 24 + 7*m. Let y be l(2). Suppose 5*t = -4*p + 893, -6*p + t = -y*p - 443. What is the units digit of p?
2
Suppose 13*d = -6*d - 363147. What is the hundreds digit of (1 - 6/5) + d/(-115)?
1
Suppose 50*a - 196051 = 62999. What is the units digit of a?
1
Let r(c) = -230*c + 20. Let q be r(1). Let w = q - -1010. What is the hundreds digit of w?
8
Let c(o) = 4*o**3 - 71*o**2 + 4*o - 449. What is the ten thousands digit of c(26)?
2
Let w = -68 - -86. Suppose 15012 = w*p - 0*p. What is the tens digit of p?
3
Let n(z) = 10*z**2 + 7*z + 3. Suppose -4*b + 0*b = 8. Let s be n(b). Suppose s*q + 378 = 32*q. What is the tens digit of q?
2
Let h be 1*(3 + -4) + 3. Suppose h*l = -2*l - 0*l. What is the tens digit of l - (-99 + 2 + 1)?
9
Let f(u) = 87*u - 51*u - 42 - 46*u. What is the units digit of f(-16)?
8
Let q = 962 - -1032. Let p = -1385 - -1803. Suppose 12*c = p + q. What is the units digit of c?
1
Let o(r) = r**3 - 10*r**2 + 3*r - 26. Let v be o(10). Suppose u + 581 = w, -v*u = 4*w - w - 1778. What is the hundreds digit of w?
5
Suppose 4*y + 4*u = 464, 11*y - 12*y - 2*u + 118 = 0. Suppose -123*q - y = -125*q. What is the tens digit of q?
5
Let h be (-2)/((-12)/(-18)) - (-156 + -1). Suppose -y + 69 = 4*z - 2, -2*y = 4*z - h. What is the units digit of y?
3
Suppose -2*u - 14450 = -12*u. Suppose -5*n - 5*l = -4585 + u, -4*n = -2*l - 2488. Suppose 6*d - n = 510. What is the units digit of d?
9
Let l(m) = -4*m**3 + 189*m + 4*m**2 - 182*m - m**2 + 0*m**2. What is the hundreds digit of l(-5)?
5
Let c be 0 - 4 - (-12 - -3). Suppose -4*f + 15 = -c*f. What is the tens digit of (f - -89) + (1 - 0)?
7
Let b = 1068 - 678. Suppose 3*u + 11 = 4*l, -21*l - 3 = -25*l - 5*u. Suppose -4*k - 395 = -5*z - 3*k, -l*k = -5*z + b. What is the units digit of z?
0
Suppose -12*x + 57237 = 7857. What is the units digit of x?
5
Suppose 4*p + 12 = 0, 0*h = -4*h - 5*p - 3. Suppose h*t - 1192 = -166. What is the units digit of t?
2
Let l be (-128)/(-24)*((-585)/(-12))/5. Let n(z) = z**2 + 10*z - 4. Let t be n(-10). What is the tens digit of (l + -12)/((-2)/t)?
8
Suppose -z = 30 - 34. Suppose 4*o - r = 1694, 3*r + z = -2. What is the tens digit of o?
2
Let z(x) = -x**2 - 8*x + 230. Let f be z(-17). Let s(h) = h**2 - 3*h - 6. Let p be s(5). Suppose -f = -p*o + 27. What is the tens digit of o?
2
Let h(d) = 7*d**2 + 14*d - 517. What is the hundreds digit of h(-45)?
0
Suppose 4*v - 2*w + 5*w - 4785 = 0, 5986 = 5*v - w. Suppose -5*n + 118 = -v. What is the hundreds digit of n?
2
Suppose 0 = -4*l - 4*c + 48, 0 = 3*l - 19*c + 14*c - 44. Suppose 4658 = l*i - 2505. What is the units digit of i?
1
Suppose -10*r = -j - 8*r + 3691, -6 = -3*r. Suppose 0 = -3*l + v + j, -2*v - 3*v + 6165 = 5*l. What is the hundreds digit of l?
2
Let a(b) = 8*b - 11. Let p(t) = t. Let z(d) = -a(d) + 2*p(d). Let w = -18 - -1. What is the hundreds digit of z(w)?
1
Suppose 2*d + 3*j = 37809, -5*j - 56742 = -3*d - 0*j. What is the thousands digit of d?
8
What is the thousands digit of (7 - 13) + (7479 - -4)?
7
Suppose 0 = -42*f + 44*f - 10. Suppose -253 - 722 = -f*i. What is the hundreds digit of i?
1
Suppose 3*z - 11 = -2*w, -4*w - z = 2*z - 31. Let m be 19628/70 + (-4)/w. Suppose 5*v - 790 = 2*h - m, -5*v - 4*h = -540. What is the tens digit of v?
0
Let p = -46 - -49. Let r(k) = -k + 5. Let q be r(p). Suppose 0 = -q*u - 6, 5*m - 489 = 2*u + u. What is the units digit of m?
6
Suppose -13*v = -18*v + 4*o + 70966, 4*v - 56774 = 2*o. What is the hundreds digit of v?
1
What is the thousands digit of 3/(-12) + (-8 - 142410/(-40))?
3
Let y be 205/65 + (-10)/65. Suppose -1080 - 2469 = -y*m. What is the units digit of m?
3
Let q = -31 + 36. Suppose -4*b - 3*y = -1965, q*b = 3*b + 2*y + 972. Let s = b + -284. What is the tens digit of s?
0
Let o = 748 - -83. Let x = o - 481. What is the hundreds digit of x?
3
Suppose 0 = -432*p + 350*p + 629842. What is the units digit of p?
1
Suppose 594*b = 593*b + 24650. What is the thousands digit of (b/68)/((-1)/(-4))?
1
Let u(d) = 5*d - 1. Let l be u(-1). Let f be 0/(l - -7) - (1 - 4). Suppose -78 + 588 = f*o. What is the hundreds digit of o?
1
Let y = 34510 - 24424. What is the units digit of y?
6
Let h(u) = 11*u**2 + 3*u + 3. Let p = 66 - 64. Suppose 0 = -5*k + 17 - p. What is the hundreds digit of h(k)?
1
Let f be (2658/(-168)*-7)/((-2)/56). Let m = 4855 + f. What is the units digit of m?
4
What is the units digit of (1122/4)/(((-246)/(-340))/41)?
5
Suppose c + a - 296 = 0, -2*c + 2*a + 440 + 140 = 0. Let l = c - 104. Let i = l - 110. What is the units digit of i?
9
Let g be ((-35)/4)/5*16. Let f = 33 + g. Suppose 4*z - 3*z - 262 = -f*k, -168 = -3*k + 3*z. What is the units digit of k?
3
Let t = -346 - -7147. What is the tens digit of t?
0
Let m(y) = 13*y**2 + 78*y + 2934. What is the ten thousands digit of m(-53)?
3
Suppose -8 = -3*y + 34. Let o(g) = 7 + 8*g**2 - y - 7*g + 7 + g**3. What is the tens digit of o(-8)?
5
Let k(h) = -6*h - 20. Let o be k(-4). Suppose 0 = -a + o*a, 2*a + 16 = 2*g. Suppose -7*q = -g*q + 204. What is the tens digit of q?
0
Let u be 6/(-1*(14/4 - 5)). Let j(x) = 21*x**2 + 6*x - 56. What is the hundreds digit of j(u)?
3
Let u(t) = 3*t + 23. Let s be u(-7). Let f be (-4)/(1*s/(-4)). Let a(x) = 6*x + 17. What is the units digit of a(f)?
5
Suppose -n + 8 = 3*n. Let q(c) = -65*c**2 + c - 6. Let i be q(n). Let k = -121 - i. What is the tens digit of k?
4
Let q(u) = u + 3. Let c be q(-1). What is the hundreds digit of 997/c + (5 - (-27)/(-6))?
4
Let q(i) = i**3 + 33*i**2 + 17*i - 17. Let o(y) = y**2 + 1. Let h(j) = 14*o(j) - q(j). Let k(c) = c**2 - 9*c. Let n be k(6). What is the units digit of h(n)?
3
Let x = 0 - 32. Let m be x/(-12)*(-9)/6. What is the tens digit of -4*(3 + m)*17?
6
What is the tens digit of 5/(35/(-56)) + -2 + 15425?
1
Let b = 1166 - 778. Suppose 4*k + 16 = 0, -2*k + b = 4*p - 0*k. What is the units digit of p?
9
Suppose -5*r - 14 = -4*b + 5, -b = -2*r - 10. Let y(g) = -g**3 + g**2 + g + 34. What is the tens digit of y(r)?
1
Suppose 53*v = 47*v - 3672. Let w = 907 + v. What is the units digit of w?
5
Let l(s) = -6*s**2 - 10*s**2 - 5*s**2 + 21 + 59*s**2 + 37*s. What is the units digit of l(-5)?
6
Let y(h) = -58*h**2 - 494*h + 8. What is the tens digit of y(-4)?
5
Suppose 2*o = 0, 3*i = -0*o - 3*o + 105. Let r = i - -151. What is the units digit of r?
6
Let y(j) be the second derivative of -43*j**3/3 - 89*j**2/2 - j - 4. What is the units digit of y(-8)?
9
Let q = 682 + 4943. What is th